
0
Let p be -2*(0 - -3)/6. Let a(q) = -13*q**3 - 2*q**2 - q. Let z be a(p). Suppose 81 = -z*s + 15*s. What is the units digit of s?
7
Let s(q) = -q**3 + 7*q**2 + 9*q + 1. Let p be s(8). Let x = p + 0. Suppose x*t - 50 = 4*t. What is the units digit of t?
0
Suppose -b - 1620 = 2*x, -b - x + 1614 = -2*b. What is the hundreds digit of ((-2)/1)/(32/b)?
1
Let q(u) = -u**2 - 77*u - 231. What is the units digit of q(-30)?
9
Suppose 2*u - 119 = -15*u. What is the units digit of u?
7
What is the units digit of 8/(48/3174) - 6?
3
Let u = -5218 + 7536. What is the hundreds digit of u?
3
Suppose 5*d = -5*p + 1334 + 126, -d = 4*p - 1174. What is the hundreds digit of p?
2
Let l(j) be the first derivative of 1/3*j**3 + 2*j**2 - 12*j + 1. What is the units digit of l(-10)?
8
What is the units digit of (24/(-10))/(-10 + (-100089)/(-10010))?
4
Let g = 19 + -16. Let c be (3 + -2 + -1)/g. Suppose c = -2*z + z + 36. What is the units digit of z?
6
Let y(t) = 35*t**2 + 2*t - 14. Let n be y(-6). Suppose -9*p + n - 136 = 0. What is the tens digit of p?
2
Suppose -155*w = -159*w + 764. What is the hundreds digit of w?
1
Let t(a) = -19*a**3 - a**2 + a + 2. Let h be t(-1). Let f = h - 7. What is the tens digit of f?
1
Let s = 3 + 38. Let p = s - 0. What is the units digit of p?
1
Let x(d) = -5*d**2 + d - 1. Let m be x(2). Suppose -4*u - 54 = 5*w, 3*w = 3*u + 5*w + 44. Let z = u - m. What is the units digit of z?
3
Let p(l) = 4*l**2 + 39*l + 11. What is the hundreds digit of p(-16)?
4
Suppose -4*g = 24 - 44. Suppose -7 = -2*j - 1. Suppose -32 = -g*b + j*b. What is the units digit of b?
6
Let p(a) = 67*a + 110. What is the hundreds digit of p(6)?
5
Let n = 289 - 264. What is the tens digit of n?
2
Let u = 2142 - -1672. What is the hundreds digit of u?
8
Let d = -26 - -2. What is the tens digit of 12*(1 + 1)*(-33)/d?
3
Suppose 28*u + 36 = 29*u. Let h = -5 + 8. Suppose -4*f + 56 = -4*x - u, 0 = h*f + 2*x - 54. What is the tens digit of f?
2
Let q(k) = -k**3 + 20 - k - 5*k + 0*k + 39*k**2 - 54*k**2. Let b be q(-14). Let f = b + 129. What is the units digit of f?
7
Suppose 32*l - 7932 = 28*l. What is the hundreds digit of l?
9
Let q = -1 + 7. Suppose q*s = 4*s - 68. Let j = 48 + s. What is the tens digit of j?
1
Suppose 4*x - 1214 = -5*u - 0*u, u = 4*x + 262. What is the tens digit of u?
4
Suppose 154*h - 2712 = 150*h. What is the hundreds digit of h?
6
Let s(q) be the third derivative of -q**4/24 + 160*q**3/3 - 2*q**2. Let z be s(0). What is the tens digit of z/10 - 0/(-1)?
3
Let b = -26 - -29. Let m = b + 119. What is the hundreds digit of m?
1
Let j(h) = 49*h - 1. Let i = -6 + 5. Let n be j(i). Let q = n + 85. What is the tens digit of q?
3
Suppose 3240 = 16*x - 7*x. What is the hundreds digit of x?
3
Suppose -s = -2*s + 21. What is the tens digit of (-2)/(-4)*-14*(-180)/s?
6
Suppose -2*k - k + 3 = 0, -5*n - 5*k = -11115. What is the tens digit of n?
2
What is the hundreds digit of (-1972)/(-102)*(2 - -37)?
7
Let p = 1451 - -1633. What is the hundreds digit of p?
0
Suppose -3919 = -43*z + 7089. What is the hundreds digit of z?
2
Let d(c) = -c**2 - 11*c - 5. Let k be d(-10). Suppose 3*y - 25 = -k*i, 3*i + 15 = -5*y + 46. What is the units digit of y?
5
Suppose 9*b = 5*b - 2*y + 46, 5*b = 3*y + 63. What is the units digit of b?
2
Suppose 1 = l - 1. Suppose 2*v + l*v = 196. What is the tens digit of v?
4
Let o(y) = 301*y - 256. What is the units digit of o(9)?
3
Suppose 3*s + 3284 = 5*s. What is the units digit of s?
2
Let d = 94 + -147. Suppose -s - 228 = 2*s. Let b = d - s. What is the tens digit of b?
2
Suppose 10 = 4*j + j. Suppose 4*c = -2*d + 16, -5*d + j*c = -3*c - 10. What is the units digit of d?
4
Suppose w + 59 = 2*a - 2*w, -4*a - 2*w + 78 = 0. Suppose 1 - a = -s + k, 3*s - 5*k - 67 = 0. What is the units digit of s?
9
Suppose -4*x + 2*o = -356, x - 9*o - 96 = -5*o. What is the units digit of x?
8
Let x be (-2)/(-10) + 245/25. Let m be (-3 - -7)/8*x. Suppose 5*v = -3*d + 50, -2*d - v = -26 - m. What is the units digit of d?
5
Let g(l) = l**2 - l + 57. Suppose 3*o + 48 = -5*o. Let m be o/24 + 2/8. What is the units digit of g(m)?
7
Let c be (3 - -36)/(1 + -2). Let y = 13 - c. What is the units digit of (-4 + 2)/((-4)/y)?
6
Let u be 56/(-6)*((-10)/(-4) + -4). Suppose 0 = -3*d + 182 - u. What is the units digit of d?
6
What is the hundreds digit of (32 + -14)/((-3)/(-244))?
4
Let f be ((-81)/(-6) - -4)*24. Suppose -19*m = -22*m + f. What is the hundreds digit of m?
1
Suppose 3*m - 2*m - 19 = 0. Suppose m - 122 = -c. What is the units digit of c?
3
Let m(j) = j**3 - 8*j**2 + 2*j + 8. Let u be m(8). Suppose -4*x + 128 = 4*q, u = q - 3*x - 24. What is the tens digit of q?
3
Suppose 2*p = -3*p + 25. Suppose 0 = -29*o + 25*o + 12, 143 = 2*a - o. Suppose 0 = -p*f + 22 + a. What is the units digit of f?
9
Let u be (-5 + 39/3)/2. Suppose l - u*l - 5*o = -125, -2*l = 3*o - 84. What is the tens digit of l?
4
Let y(p) = 3*p**3 - 12*p**2 - 10*p + 2. What is the units digit of y(5)?
7
Let z(h) be the third derivative of 0 + 0*h + 23/6*h**3 + 1/24*h**4 - 8*h**2. What is the units digit of z(-20)?
3
Suppose 10 = -3*p + 3*v - v, 4*v = p + 20. Suppose p = -3*f + 2*f - 5*w - 2, -f + 7 = -4*w. Suppose -3*d = d + 12, f*d = -j + 25. What is the units digit of j?
4
Suppose -3*m - 21*w = -18*w - 321, 2*w = 3*m - 296. What is the hundreds digit of m?
1
Suppose 3*k + 3*g - 69 = 0, 66 = 2*k + k + 2*g. Let s(a) = 5*a - 4. Let q be s(4). Let x = k - q. What is the units digit of x?
4
Let o = -42 - -43. What is the units digit of 92/8 + o/2?
2
Suppose -2*o + 1218 = a, 0*a - a = o - 1213. What is the units digit of a?
8
Suppose -41*a + 42486 = -13766. What is the tens digit of a?
7
Suppose -n - 3*x - 12 = -4*n, 0 = -4*x. Suppose 0 = t - 2 - 0, -n*a + 54 = -5*t. What is the tens digit of a?
1
Suppose -12*w + 13*w + 8 = 0. What is the units digit of w/(-3)*(-3408)/(-64)?
2
Let j = 584 - 250. What is the units digit of j?
4
Let k = -27 + 45. Let m be (-408)/k + 4/6. What is the units digit of 732/33 - (-4)/m?
2
Suppose -13*v + 11*v + 2*a + 1084 = 0, 0 = -v - a + 550. What is the tens digit of v?
4
Let b(w) = 10*w**2 + 8*w + 24. What is the hundreds digit of b(8)?
7
Let g = 2358 - 1605. What is the hundreds digit of g?
7
Suppose 5*h - 1339 = 501. Suppose -h = -2*u + 3*m, -u = 7*m - 3*m - 206. What is the units digit of u?
0
Suppose -h + 5*b + 20 = 0, 11 = 4*h - 0*h + 3*b. Suppose 226 = h*y - 2*y - i, 5*y = 3*i + 382. What is the units digit of y?
4
Let i(y) = 2*y**2 - 7 - 4 - 3 + 6 + y**3 + y. What is the units digit of i(6)?
6
Let d(n) = 3*n - 1 + 5*n - n + 0*n. Let i be d(1). What is the units digit of (-1 - (-4)/(-2)) + i?
3
Let s(k) = 9*k + 9. Let j(m) = m. Let i(u) = 6*j(u) - s(u). Let a be i(-4). Suppose 25 = a*v + 10. What is the units digit of v?
5
Let r = 73 + -75. What is the tens digit of r + 10*(4 + -2)*4?
7
Let d(n) = -7*n**3 - 88*n**2 - 13*n - 6. What is the tens digit of d(-14)?
3
Let m(c) = 8*c**2 + 6*c + 17. What is the hundreds digit of m(13)?
4
Suppose 23*s - 7808 = 22759. What is the tens digit of s?
2
Suppose -6*r + 4 + 20 = 0. Suppose r*n + 1 = -7. Let s = n - -33. What is the tens digit of s?
3
Suppose -2*q - 160 = 68. Let a = q + 163. What is the units digit of a?
9
Let l = -90 - -66. Suppose 0 = -3*k + 6*k - 9. Let s = k - l. What is the tens digit of s?
2
Suppose 3*u - 7*u = 4. What is the tens digit of (2 + 4)/(u/(-15))?
9
Suppose 2*t = t. Suppose t - 18 = 3*u. Let g = 4 - u. What is the tens digit of g?
1
Let q(x) = -x**3 + 8*x**2 + 2. Let p be q(8). Let k be -4*6/(-8) + p. Suppose -k*a + 108 = -152. What is the tens digit of a?
5
Let a(c) = 4*c**2 + 2*c + 1. Let s be 13/(-15) - 8/60. Let m be a(s). Suppose -n = -m - 49. What is the tens digit of n?
5
Suppose 0 = -17*g + 11*g + 936. Suppose -9*a = -10*a + g. What is the units digit of a?
6
Suppose u + a - 466 = 0, -3*u + 2*u + 4*a + 466 = 0. What is the tens digit of u?
6
Suppose 2*k = -3*t + 7*t - 46, -5*k - 45 = -3*t. Suppose -8*z - t = -10*z. What is the units digit of z?
5
Let p = -1896 + 2834. What is the tens digit of p?
3
Let i(n) be the second derivative of 13*n**5/10 + n**4/12 - n**2/2 + 2*n. Let a be (0 - -2 - 0) + -1. What is the tens digit of i(a)?
2
Let f(p) = -p**3 - 12*p**2 - 12*p - 6. Let m be f(-11). 